late the remainder when 34 is divided by u.
10
Let b = 37 + -21. What is the remainder when 44 is divided by b?
12
Let m(v) = -v**3 + 2 - 6*v**2 + 3*v - 6*v**2 + 17*v**2. Suppose -33 = -5*c - 3*f + 5*f, c = -4*f - 11. What is the remainder when m(c) is divided by 6?
5
Suppose -7*t + 51 = 2. What is the remainder when 31 is divided by t?
3
Let l(w) = 11*w**3 - 2*w**2 + w. Let t(a) = a**2 - 7*a + 8. Let x be t(6). What is the remainder when l(x) is divided by 21?
19
Calculate the remainder when 42 is divided by (36 + -3)/(3/2).
20
What is the remainder when 123 is divided by (-15)/(-30) - 126/(-4)?
27
Suppose 7*a = 2*a + 35. Calculate the remainder when a is divided by 5.
2
Let x(r) = 0*r - r**2 - 3*r + 4 + 5*r - r. What is the remainder when 13 is divided by x(0)?
1
Suppose -3*g + 174 = 3*m, -3*g = m + 4*m - 298. Calculate the remainder when m is divided by 17.
11
Let k(q) = 7*q + 2. Let n be k(-2). Calculate the remainder when (-652)/n + (-2)/6 is divided by 28.
26
Let j(s) = -s + 4. Let c(v) = -4*v + 17. Let p(z) = -4*c(z) + 18*j(z). Let x be p(7). Calculate the remainder when 8 is divided by (0 + -2)*15/x.
2
Let u(p) = -p**3 + 5*p**2 + 2*p - 6. Suppose 2*n = -n + 15. Let l(s) = -s**3 - 3*s**2 - 3*s + 2. What is the remainder when l(-3) is divided by u(n)?
3
Let a = 5 + 3. Let m(s) be the second derivative of s**5/20 - 7*s**4/12 - 2*s**3/3 + 5*s**2 + 5*s. What is the remainder when m(a) is divided by 11?
9
Calculate the remainder when 0 + 2/(-2) + 13 is divided by 7.
5
Let q = -104 - -128. Calculate the remainder when 116 is divided by q.
20
Suppose -16 = w + 3*w. Calculate the remainder when 20 is divided by 1/w - (-125)/20.
2
Let r(g) = g + 4. Let a be r(-6). What is the remainder when 7 is divided by (-12)/a*4/6?
3
Let f = -115 + 204. Calculate the remainder when f is divided by 46.
43
Suppose 0 = -g - 2*l - 2*l - 10, 0 = 3*g + l + 63. Let w = g - -40. What is the remainder when 52 is divided by w?
16
Let t = 87 + -47. Suppose y - 2 - 12 = 0. Calculate the remainder when t is divided by y.
12
Suppose -5*j + 270 - 10 = 0. Calculate the remainder when j is divided by 27.
25
Let b = 69 + -35. Suppose 0 = 7*x - 8*x + 18. What is the remainder when b is divided by x?
16
Suppose -5*f + 4*b + 89 = -0*f, -3*b - 51 = -3*f. What is the remainder when f is divided by 5?
1
Suppose -13*f + 112 + 18 = 0. Calculate the remainder when 53 is divided by f.
3
Let x(v) = -v**3 - 6*v**2 - 3*v + 4. What is the remainder when 42 is divided by x(-6)?
20
Suppose 5*h - 45 = 5*p, 3*p = p - 2*h - 6. Calculate the remainder when ((-6)/2)/(3/(-25)) is divided by p/((-24)/9 - -2).
7
Let x(o) = -o + 61. What is the remainder when x(-21) is divided by 17?
14
Let k = 0 + 5. Let r be (-9)/(-5) - (-1)/5. Suppose 0*o = 4*o - k*c, c + 6 = r*o. What is the remainder when 8 is divided by o?
3
Let x be (1 + 0)*-1 - -7. Suppose -4*u + u = 2*t - x, 3*t - 3*u = 24. What is the remainder when (3 + -4)/((-1)/11) is divided by t?
5
Suppose 2*l - 325 = 4*w + 15, -4*l - 3*w + 669 = 0. What is the remainder when l is divided by 19?
16
Suppose 7*b = 4*b + 93. Suppose -s + 6 + 2 = 0. What is the remainder when b is divided by s?
7
Let b be (-2)/9 + 326/9. Suppose 2*q - b = -0*j - 5*j, -3*q + 3*j + 12 = 0. Let f(s) = -s + 22. Calculate the remainder when f(7) is divided by q.
7
Suppose -a = -3, 4*y - a - 9 = -0*a. Suppose 0 = 3*r - f - 33, -4*r + 46 = f - y*f. Calculate the remainder when r is divided by (9/(-12))/((-1)/4).
1
Let l(s) = -s**3 + 6*s**2 + 9*s - 10. Let c be l(7). Let k = c + 0. Calculate the remainder when 5 is divided by k.
1
Suppose -3*c = -5*k + 6, -c + 18 = k + 4*k. Suppose -6 = -2*o, -4*w + 2*o + 73 = -k*o. Calculate the remainder when w is divided by (-2 - -1)*0 - -8.
6
Suppose 0 = 2*c - 26 - 16. Calculate the remainder when c is divided by 6.
3
Suppose 5*u + 61 + 14 = 0. Let p = u + 17. Let x = -11 + 15. What is the remainder when x is divided by p?
0
Let l(w) = -15*w - 44. Calculate the remainder when l(-7) is divided by 16.
13
Let j = -141 - -228. Suppose 3*n - l - j = 0, -2*l + 100 = 4*n + 2*l. What is the remainder when n is divided by (3/(-2))/(1/(-10))?
13
Let n = 7 - 5. Suppose -q - n - 5 = 3*w, 2*w + 2 = -2*q. Let l = -1 + q. What is the remainder when 1 is divided by l?
0
Let y = 256 + -99. Calculate the remainder when y is divided by 32.
29
Suppose y = 29 + 117. Suppose -n + y = n. Calculate the remainder when n is divided by 19.
16
Let m be (-390)/20*16/(-6). Suppose -4*t + 2*t = -m. Calculate the remainder when 77 is divided by t.
25
Suppose -5 = 5*y - 0. Let c = y - -1. Calculate the remainder when c + 9 - (6 - 5) is divided by 5.
3
Let g be (0 + -1)*2 - -16. Suppose 3*d - g - 1 = -2*x, 4*d = 3*x + 3. Calculate the remainder when d is divided by 2.
1
Let d(u) = u**2 - 6*u + 7. Suppose 5*z = -4*n + 43, 5*n - 41 = -2*z - 0*z. What is the remainder when n is divided by d(5)?
1
Let f(o) = -o**2 + 12*o + 2. Let z be f(12). Suppose 4*y - 2 = z*q, 0 + 15 = 3*q. Calculate the remainder when 7 is divided by y.
1
Let g(w) = w**3 + w + 15. Let q be g(0). Suppose -s - 23 = -2*t, 5*s = -t + 13 + q. Calculate the remainder when 24 is divided by t.
11
Let m = 71 - 42. What is the remainder when m is divided by 16?
13
Let p(m) = 4*m - 5*m + 3*m - m - 2. Calculate the remainder when 7 is divided by p(5).
1
Let s(g) = 4*g - 1. Let f be s(1). Suppose -v = f*v - 8. What is the remainder when 3 is divided by v?
1
Let l = 15 + -11. Suppose 0 = -2*t - 4*o + 62, -18 = -l*t + 4*o + 118. Suppose 13 = 2*n - 5. Calculate the remainder when t is divided by n.
6
Suppose 4*z + 40 = -6*n + 7*n, 15 = -5*z. Calculate the remainder when n is divided by 6.
4
Let o(j) = j**3 - j**2 + 17. Suppose -40 = a - 9*a. Calculate the remainder when o(0) is divided by a.
2
Let s(p) = -p**3 + 7*p**2 - 7. Calculate the remainder when s(5) is divided by 12.
7
Suppose -3*h + 2*h = d - 31, -4*h + 148 = -2*d. Let f = h + -23. Calculate the remainder when 35 is divided by f.
11
Suppose -4*d - 308 = -8*d. What is the remainder when d is divided by 13?
12
Let h be ((-2)/2)/((-1)/2). Let i = 13 - h. Calculate the remainder when 31 is divided by i.
9
Let s(q) = q + 8. Let k be s(-6). Suppose k*l + 2*l = -4, -2*n + 18 = 4*l. What is the remainder when 2/(2/21)*1 is divided by n?
10
Suppose 16*z = 13*z + 12. What is the remainder when 5 is divided by z?
1
Let y = 0 - 3. Let h be y/(-9) + (-64)/(-6). Let d = h + -5. What is the remainder when 17 is divided by d?
5
Let c(t) = 8*t. Calculate the remainder when 37 is divided by c(1).
5
Suppose 51 = 5*x - 0*x + 2*c, -4*x + c + 33 = 0. Calculate the remainder when 25 is divided by x.
7
Suppose 2*w - 8*w = -78. What is the remainder when 49 is divided by w?
10
Let z = 10 + -7. Let t(w) = w**3 - 2*w**2 - 2*w + 3. What is the remainder when 32/z + 2/(-3) is divided by t(3)?
4
Let u = 6 - 1. Suppose -v - 2*h = 11 - 57, -182 = -3*v + u*h. What is the remainder when v is divided by 19?
16
Let t(l) = l + 4. Let q be t(-2). What is the remainder when 25 is divided by (6/8)/(q/24)?
7
Calculate the remainder when (-1 + 8)*(-1 - -2) is divided by (-1 + -1)*6/(-4).
1
What is the remainder when 43 is divided by 4/(-10) - 492/(-30)?
11
Let x = -31 + 43. Suppose 5*n = 232 - 62. Calculate the remainder when n is divided by x.
10
Let s(a) = -a**2 - 8*a + 3. Calculate the remainder when 36 is divided by s(-7).
6
Let g = 255 + -112. What is the remainder when g is divided by 36?
35
Let u(l) = 32*l**2 + 2*l - 1. Calculate the remainder when u(1) is divided by 17.
16
Suppose 11*d - 12*d = -8. Calculate the remainder when 23 is divided by d.
7
Suppose 5*h + i = -3*i - 20, -i = 0. Let k(t) = 2*t**2 + 5*t - 1. Calculate the remainder when 32 is divided by k(h).
10
Let u = -25 - -45. What is the remainder when u is divided by 7?
6
Let s be (3*3)/((-3)/(-15)). Calculate the remainder when -1 + s + (1 - 2) is divided by 3*(-5)/(-30)*22/1.
10
Suppose -230 = -7*j + 2*j. Let l(x) = 4 - x**3 + 5*x + 4*x**2 + 0*x**2 - 2*x. Calculate the remainder when j is divided by l(4).
14
Suppose 0 = -3*q - q - 4. Let w = q + 11. What is the remainder when w is divided by 6?
4
Let t be (-4)/22 - (-4)/22. Suppose t = 2*r - 28 - 8. Suppose 78 = 5*v + r. What is the remainder when 35 is divided by v?
11
Calculate t